undreds digit of 963?
9
What is the units digit of 3483?
3
What is the thousands digit of 10742?
0
What is the hundreds digit of 599?
5
What is the thousands digit of 12140?
2
What is the tens digit of 36515?
1
What is the thousands digit of 14218?
4
What is the hundreds digit of 381?
3
What is the units digit of 925?
5
What is the ten thousands digit of 57540?
5
What is the hundreds digit of 65465?
4
What is the tens digit of 8003?
0
What is the ten thousands digit of 15880?
1
What is the hundreds digit of 3502?
5
What is the hundreds digit of 1738?
7
What is the thousands digit of 60191?
0
What is the tens digit of 3599?
9
What is the thousands digit of 4887?
4
What is the hundreds digit of 12995?
9
What is the thousands digit of 8969?
8
What is the units digit of 489?
9
What is the tens digit of 7258?
5
What is the units digit of 34462?
2
What is the hundreds digit of 548?
5
What is the units digit of 500?
0
What is the tens digit of 929?
2
What is the ten thousands digit of 10715?
1
What is the thousands digit of 38873?
8
What is the thousands digit of 78031?
8
What is the tens digit of 1319?
1
What is the tens digit of 3827?
2
What is the units digit of 572?
2
What is the units digit of 604?
4
What is the hundreds digit of 6131?
1
What is the thousands digit of 1152?
1
What is the tens digit of 61015?
1
What is the thousands digit of 2332?
2
What is the hundreds digit of 435?
4
What is the hundreds digit of 35338?
3
What is the tens digit of 1811?
1
What is the thousands digit of 4917?
4
What is the tens digit of 1980?
8
What is the units digit of 452?
2
What is the units digit of 598?
8
What is the thousands digit of 42076?
2
What is the units digit of 23189?
9
What is the hundreds digit of 769?
7
What is the tens digit of 41898?
9
What is the hundreds digit of 7557?
5
What is the hundreds digit of 21521?
5
What is the units digit of 1437?
7
What is the thousands digit of 5408?
5
What is the hundreds digit of 2278?
2
What is the tens digit of 117720?
2
What is the tens digit of 62144?
4
What is the units digit of 28127?
7
What is the hundreds digit of 75324?
3
What is the tens digit of 15743?
4
What is the ten thousands digit of 18934?
1
What is the units digit of 139712?
2
What is the ten thousands digit of 92861?
9
What is the thousands digit of 40066?
0
What is the units digit of 2041?
1
What is the hundreds digit of 3729?
7
What is the thousands digit of 7779?
7
What is the hundreds digit of 723?
7
What is the tens digit of 126119?
1
What is the hundreds digit of 1020?
0
What is the units digit of 1104?
4
What is the tens digit of 166?
6
What is the hundreds digit of 135459?
4
What is the units digit of 9319?
9
What is the units digit of 15843?
3
What is the ten thousands digit of 10164?
1
What is the tens digit of 668?
6
What is the thousands digit of 2486?
2
What is the tens digit of 26343?
4
What is the tens digit of 7533?
3
What is the hundreds digit of 58842?
8
What is the thousands digit of 1539?
1
What is the thousands digit of 1993?
1
What is the thousands digit of 5597?
5
What is the tens digit of 312?
1
What is the tens digit of 36193?
9
What is the units digit of 161?
1
What is the tens digit of 63482?
8
What is the thousands digit of 35311?
5
What is the tens digit of 2995?
9
What is the tens digit of 769?
6
What is the thousands digit of 31544?
1
What is the hundreds digit of 10748?
7
What is the ten thousands digit of 18748?
1
What is the ten thousands digit of 119762?
1
What is the ten thousands digit of 40210?
4
What is the tens digit of 122541?
4
What is the tens digit of 31686?
8
What is the hundreds digit of 8799?
7
What is the hundreds digit of 4408?
4
What is the units digit of 24177?
7
What is the hundreds digit of 10683?
6
What is the tens digit of 3004?
0
What is the units digit of 883?
3
What is the tens digit of 9116?
1
What is the hundreds digit of 4056?
0
What is the thousands digit of 1203?
1
What is the hundreds digit of 30583?
5
What is the tens digit of 12741?
4
What is the tens digit of 8709?
0
What is the units digit of 1030?
0
What is the tens digit of 4712?
1
What is the ten thousands digit of 44980?
4
What is the tens digit of 2054?
5
What is the thousands digit of 2153?
2
What is the tens digit of 45111?
1
What is the hundreds digit of 59361?
3
What is the ten thousands digit of 32508?
3
What is the tens digit of 79172?
7
What is the tens digit of 9256?
5
What is the tens digit of 462?
6
What is the thousands digit of 35055?
5
What is the tens digit of 2294?
9
What is the ten thousands digit of 17697?
1
What is the hundreds digit of 18894?
8
What is the tens digit of 528?
2
What is the tens digit of 681?
8
What is the units digit of 554?
4
What is the units digit of 3877?
7
What is the tens digit of 4290?
9
What is the units digit of 95?
5
What is the hundreds digit of 752?
7
What is the hundreds digit of 1001?
0
What is the hundreds digit of 17196?
1
What is the hundreds digit of 16256?
2
What is the tens digit of 3743?
4
What is the thousands digit of 3317?
3
What is the hundreds digit of 252?
2
What is the units digit of 1861?
1
What is the hundreds digit of 1216?
2
What is the hundreds digit of 1493?
4
What is the thousands digit of 1405?
1
What is the units digit of 794?
4
What is the hundreds digit of 2228?
2
What is the ten thousands digit of 185591?
8
What is the thousands digit of 11174?
1
What is the hundreds digit of 9725?
7
What is the tens digit of 3592?
9
What is the tens digit of 10024?
2
What is the thousands digit of 10794?
0
What is the units digit of 1041?
1
What is the units digit of 19792?
2
What is the units digit of 58256?
6
What is the hundreds digit of 7412?
4
What is the tens digit of 986?
8
What is the units digit of 56546?
6
What is the thousands digit of 8143?
8
What is the units digit of 976?
6
What is the tens digit of 8328?
2
What is the units digit of 3534?
4
What is the hundreds digit of 1870?
8
What is the thousands digit of 76314?
6
What is the units digit of 72787?
7
What is the hundreds digit of 83149?
1
What is the hundreds digit of 361?
3
What is the tens digit of 888?
8
What is the tens digit of 9919?
1
What is the units digit of 8906?
6
What is the thousands digit of 7401?
7
What is the hundreds digit of 342?
3
What is the units digit of 22619?
9
What is the hundreds digit of 101142?
1
What is the ten thousands digit of 18187?
1
What is the tens digit of 74530?
3
What is the hundreds digit of 1353?
3
What is the units digit of 59978?
8
What is the units digit of 197?
7
What is the tens digit of 303?
0
What is the units digit of 206?
6
What is the ten thousands digit of 29869?
2
What is the thousands digit of 5880?
5
What is the units digit of 6992?
2
What is the tens digit of 1739?
3
What is the units digit of 586?
6
What is the tens digit of 29531?
3
What is the thousands digit of 14085?
4
What is the tens digit of 925?
2
What is the tens digit of 9460?
6
What is the tens digit of 990?
9
What is the tens digit of 2412?
1
What is the units digit of 3287?
7
What is the units digit of 2414?
4
What is the thousands digit of 2632?
2
What is the units digit of 14533?
3
What is the ten thousands digit of 16766?
1
What is the tens digit of 2858?
5
What is the hundred thousands digit of 103009?
1
What is the tens digit of 1277?
7
What is the units digit of 10362?
2
What is the units digit of 6312?
2
What is the units digit of 2412?
2
What is the hundreds digit of 92273?
2
What is the hundred thousands digit of 101756?
1
What is the hundreds digit of 44556?
5
What is the hundreds digit of 1348?
3
What is the tens digit of 23264?
6
What is the tens digit of 68831?
3
What is the units digit of 4758?
8
What is the hundreds digit of 1962?
9
What is the hundreds digit of 219?
2
What is the hundreds digit of 3897?
8
What is the hundreds digit of 711?
7
What is the hundreds digit of 9828?
8
What is the thousands digit of 4233?
4
What is the hundreds digit of 3736?
7
What is the thousands digit of 15001?
5
What is the hundreds digit of 61812?
8
What is the ten thousands digit of 134838?
3
What is the units digit of 926?
6
What is the hundreds digit of 12530?
5
What is the thousands digit of 1337?
1
What is the tens digit of 1449?
4
What is the hundreds digit of 929?
